7). Let v(t) = -t**3 - 4*t**2 + 2*t - 17. Determine v(c).
43
Let d(y) = 2*y + 0*y + 161*y**2 - 79 + 14*y - 162*y**2 - 50*y. Give d(-30).
41
Suppose 232*j - 200 = 212*j. Let i(h) = h**3 - 9*h**2 - 10*h - 3. Calculate i(j).
-3
Let r(u) = 5*u - 10. Let j = -5445 - -5437. Calculate r(j).
-50
Suppose 154 = -5*p + 2*g, 5*p + 71 = -5*g - 69. Let i(k) = k**2 + 33*k + 83. Calculate i(p).
-7
Let x(l) = -l**2 - 7*l + 2. Let p be x(-6). Let b = -4 + p. Let n(d) be the second derivative of d**3/6 - d**2 - 7445*d. Determine n(b).
2
Let d(g) be the third derivative of 9*g**4/4 + g**3/3 + 1219*g**2. What is d(1)?
56
Let o(j) = 3*j. Let x be o(6). Let k = 1199 + -1190. Let b(q) = 16 + k*q**2 - q + x - 34. What is b(-1)?
10
Let d be ((-6)/4)/(105/140). Let i be d + (2 - 3) + 14 + -12. Let b(p) = -p**2 - p**2 - 6*p**3 - p - 3 + 3. Give b(i).
5
Let i(y) = -2*y - 13. Suppose -24 + 69 = 15*x. Calculate i(x).
-19
Let v(l) be the second derivative of 0 + 1/12*l**4 + l - 1/3*l**3 + 3/2*l**2. Let g be ((-372)/(-24) + -13)*(-6)/(-5). Give v(g).
6
Let h be (-6)/(-8) + (-176)/264. Let c(g) be the second derivative of 7/2*g**2 - h*g**4 + 2/3*g**3 + 0 - 34*g. Calculate c(6).
-5
Let a(d) = d + 1. Suppose 4*x = 5*x + 13. Let s(n) = n**3 + 12*n**2 - 15*n - 32. Let h be s(x). Give a(h).
-5
Let y = -163 + 165. Let a(s) = 0 - 2 + 5 - 2 + y*s. Let z = 3 + -2. Give a(z).
3
Let s be 16/14*((-2)/4 - -4). Let d(n) = n**2 + 2*n - 10. Let p(j) = j**2 + 2*j - 12. Let l(o) = s*d(o) - 3*p(o). Suppose 4 + 2 = -2*t. Calculate l(t).
-1
Let u(l) be the first derivative of 3*l**4/2 - l**3/3 + l**2/2 + l + 1. Let t be 1 + -1*(-4 + 3). Suppose 1 = 5*q - t*c, 2 + 4 = -2*c. Determine u(q).
-7
Let u(p) be the first derivative of p**3/3 + 10*p**2 + 11*p - 800. Calculate u(-13).
-80
Let f(d) = 17 - 20 + 7*d**2 + 3*d - 4*d - 6*d**2. Let u(n) = -n**3 - 2*n**2 - 2*n. Let b be u(-2). Determine f(b).
9
Let g(t) = -t**3 - 44*t**2 - 44*t - 39. Let c be g(-43). Let l(d) = -2 - 2*d + d**2 - 7 + 0. Give l(c).
-1
Let i(r) be the first derivative of -r**4/4 + 3*r**3 + 7*r**2 - 4*r + 325. What is i(11)?
-92
Let b(x) = -8 - 77*x**2 - 80*x**2 - 13*x + 156*x**2 + 7 - 10. Calculate b(-10).
19
Let m(b) = -b**2 + 4*b + 2. Let a be ((-3)/(-9))/(3/18). Suppose 2*n + 0*j = -a*j - 42, 54 = -4*n + 2*j. Let r = n + 19. Give m(r).
5
Let k(p) = 5*p - 194. Let j be k(-6). Let t = j + 227. Let o(u) be the first derivative of 3*u**2/2 - 3*u - 4. Give o(t).
6
Let r(y) = -y. Let g(n) = -3*n - 1. Let v(k) = 3*g(k) - 8*r(k). Suppose -3*o - 50 - 7 = -c, -4*o - 3*c = 89. Let z = 16 + o. Calculate v(z).
1
Suppose 4*p - 20 = 0, 3*p = -2*c + c - 170. Let m = -188 - c. Let d(k) = k**2 + 3*k + 3. Determine d(m).
3
Let o(h) be the third derivative of -h**8/20160 + h**7/5040 + h**6/144 + 107*h**5/60 - 9*h**2. Let b(k) be the third derivative of o(k). Give b(5).
-15
Suppose 173*r - 111*r = -806. Let a(n) = n**3 + 12*n**2 - 11*n + 28. What is a(r)?
2
Let k = -42 + 41. Let u be 2 + (-15)/(k + -4). Let p(n) = n**3 - 4*n**2 - 5*n - 4. Give p(u).
-4
Let k(l) = -l**3 + l**2 + l + 3. Let s be 9 + (4 - (2 - -1 - -7)). What is k(s)?
-12
Let z(v) = -v + 4. Let o = -114 - -237. Let f = 127 - o. Suppose -f*w = 4*m - 20, 2*m + 2*m = -5*w + 26. Calculate z(w).
-2
Let q(m) = m**2 - 3*m + 4. Let s be q(3). Let a(b) be the first derivative of -b**4/4 + 5*b**3/3 - 3*b**2 + 4*b + 11338. What is a(s)?
-4
Let z be (-101 - 3)/(-8) + 1. Suppose -16 = 4*n + 4*y, n - 9*y - z = -4*y. Let p(w) = 2*w + 2. Determine p(n).
0
Let k(j) = -2*j**2 + 71*j - 392. Let c be k(7). Let i(m) = -m**2 + 11*m - 22. Give i(c).
6
Let f(z) be the second derivative of z**3/3 - 8*z**2 + 368*z + 1. Suppose 4*c = -2*t + 42, 5*t = -2*c + 89 + 8. Let r = -8 + t. Determine f(r).
6
Let v(j) = -j + 5. Let n(r) = -5*r - 9*r + 48 + 15*r - 2*r - 6*r. Let u be n(6). Calculate v(u).
-1
Let m = 10349 + -10347. Let d(n) = 9*n**3 - n**2 - 2*n - 1. Give d(m).
63
Let j(h) be the second derivative of -h**4/6 - 5*h**3/6 + 15*h**2/2 - 65*h + 1. Give j(-5).
-10
Let x(f) = -8575 - 2*f - f**2 + 0*f + 8580. Calculate x(4).
-19
Let h(f) = f**3 + 7*f**2 + 8*f. Let k be ((-1680)/9 + 0)*-3. Let m be k/(-15) - 8/(-6). Let d = 30 + m. Give h(d).
-12
Let n(x) = -5 + 20*x + 40*x - 76*x - 8 - x**2. Calculate n(-12).
35
Let y(x) be the first derivative of -1/4*x**4 - 4*x + 2*x**3 - 39 - 5/2*x**2. Let z be 3/(-18) + (-75)/(-18). What is y(z)?
8
Let j(n) be the second derivative of -n**5/20 - 11*n**4/6 + 13*n**3/3 + 3*n**2 + 342*n. What is j(-23)?
-63
Let p(w) = -22*w - 150. Let q(n) = -n**3 + 20*n**2 - 60*n - 232. Let v be q(15). Determine p(v).
4
Let b(u) = -6*u + 47. Let v(x) = x - 4. Let j(s) = b(s) + 7*v(s). What is j(-4)?
15
Let g be 2/(-11) + 1232/121. Let k(z) = -37*z - 3. Let w(m) = -80*m - 6. Let p(o) = 13*k(o) - 6*w(o). Determine p(g).
-13
Let h = 0 + -6. Let g(w) = -3*w - 2. Suppose 22 = 4*o + 2*l, l + 2*l = -4*o + 27. Let z(n) = -3*n - 4. Let t(f) = o*g(f) - 2*z(f). Calculate t(h).
20
Suppose -3*z = 4*u - 47, u + 9 = z - 2. Suppose 20 = -z*j + 9*j. Let s = j + 5. Let c(b) = -b + 15. Calculate c(s).
15
Suppose -33*r - 8 = -35*r. Let j(s) be the second derivative of -s**3/6 + 4*s**2 + 48*s + 1. What is j(r)?
4
Let l(g) be the third derivative of -7*g**5/30 - 35*g**4/12 + 2*g**2 + 71*g. Determine l(-5).
0
Let f(d) = -8*d**3 + 3*d - d + 5 - 4 + d**2. Suppose -137*c + 50 = -135*c. Suppose c*i - 15 = 40*i. Calculate f(i).
8
Let i(u) be the first derivative of -1/2*u**2 + 2*u - 154. What is i(1)?
1
Let d(r) = -r**2 - 6*r - 5. Suppose 0 = 22*l - 26*l - 608. Let w = -156 - l. Determine d(w).
3
Let r(k) = 1844*k - 3686*k - 69 + 1834*k. Give r(-8).
-5
Let k(p) = p**3 - 4*p**2 + 4*p + 28. Let c be k(-2). Let o(u) = 2*u**3 + 2*u**2 + 2*u. Give o(c).
-104
Let c(q) = -q**3 + 15*q**2 + 48*q + 108. Let a be c(18). Let v(s) be the first derivative of -s**3/3 - s**2/2 - 6*s + 1. Give v(a).
-6
Suppose 22 = 2*u + 18. Let q(w) = -16*w**2 - 14*w + 4. Let v(y) = -14*y**2 - 12*y + 4. Let j(o) = 6*q(o) - 7*v(o). Calculate j(u).
4
Let h(w) = 2*w**2 + 4*w + 2. Let k = 26 + -15. Let c be 8 + ((-5)/(-4) - (-10)/(-8)). Suppose -x - 9 = -5*v + c, -3*v = -x - k. Determine h(x).
2
Let q(t) = t**3 + t**2 - t + 9. Let n(x) = 2*x**3 + 28 - 3*x**3 + x**2 - 38. Let j(h) = 4*n(h) + 3*q(h). Give j(6).
5
Let y = 121681/30 + -4056. Let s(o) be the third derivative of 1/120*o**6 - 11*o**2 + 0*o**4 - 1/6*o**3 + 0 + 0*o + y*o**5. Determine s(-3).
-10
Suppose 3*a + 31 = -5*m, 5*m + 4*a - 38 = -66. Let h(n) = n**3 + 7*n**2 - 17*n - 69. Determine h(m).
3
Let z(v) = -2*v**3 - 7*v**2 + v + 2*v**3 - 6 + v**3. Suppose 178 + 270 = 99*r - 35*r. Calculate z(r).
1
Let w(c) = -c**2 + 5*c - 3. Let s(x) = -2*x - 8. Let b be s(-6). Let q(v) = -b - 26 + 46 + v. Let d be q(-11). What is w(d)?
-3
Let w(s) = s**3 - 6*s**2 - 6*s + 7. Suppose -q + 19 = 5*i, -5*i - 5*q = -2*q - 17. Suppose -3*k - 5*c + i*c + 21 = 0, 2*k = 4*c + 14. Determine w(k).
14
Let u(b) = -b**2 - 35*b - 240. Suppose 86*t + 41*t = -1143. Give u(t).
-6
Let x(a) = 75 + 70 + 96 + a**2 + 4*a - 244. Calculate x(-9).
42
Suppose -3*g + 2100 = -p, -4*g + 2*p + 3883 = 1083. Let n = -688 + g. Let v(t) = t**2 - 12*t - 2. Give v(n).
-2
Let a(p) = 10*p**2 + 2*p - 1. Let f = 411 - 57. Let b = -353 + f. What is a(b)?
11
Let b(m) = 714*m**2 - 2116*m**2 - 22 + 731*m**2 + 140*m + m**3 + 714*m**2 + 15*m. Determine b(-39).
17
Suppose 5*v - 15 + 40 = 0, m + 2*v = -5. Suppose 12 = -m*t + 2. Let d(f) = -f**3 + 3*f**2 + 3*f + 2. What is d(t)?
16
Let j(c) = -c + 1. Let n(k) = -k**2 + 4*k - 4. Let t(l) = -3*j(l) - n(l). Let w(d) = -4*d**2 + 7*d - 3. Let i(q) = 5*t(q) + w(q). Give i(-2).
2
Let l = 30 + 1815. Suppose l = 3*p + 5*y, -2*p - 4*y + 324 = -908. Let d(w) = -1 - p*w**2 + 0*w**3 - 2*w + 608*w**2 - 2*w**3. Determine d(-1).
1
Suppose 574 = 371*x - 453*x. Let y(r) = -r - 4. Suppose 0*b = -b + 4. Let w(s) = 3*s + 12. Let v(h) = b*w(h) + 11*y(h). What is v(x)?
-3
Let g(o) = -o**2 + 65. Let w(r) = 230*r + 1150. Let x be w(-5). Determine g(x).
65
Let t(d) = -d**2 - 5*d + 26. Let o(z) = z**3 - 6*z**2 + 124*z - 355. Let w be o(3). Give t(w).
-24
Let i(n) be the second derivative of -3/2*n**2 + 5*n + 0 - 7/6*n**3. Suppose 3*r + 5*l = 14, 0 = r - 4*r - 3*l + 6. Determine i(r).
11
Let i = 318 + -295. Suppose z - 2*a + 18 - i = 0, 3*z -